- 2*d**3 - d**2 + 5*d**2. Let u be p(3). Let l = -13 - u. Determine v(l).
4
Let l(o) be the second derivative of o**6/360 + o**5/60 - o**4/12 - o. Let y(k) be the third derivative of l(k). Give y(-2).
-2
Let z(o) = -3 + 4*o**2 - 4*o - 5*o**2 - 3*o**2. Suppose -3 - 3 = 3*j. Calculate z(j).
-11
Let h(q) be the first derivative of q**4/4 - 5*q**3/3 + 4*q + 12. Let d = -8 + 13. Determine h(d).
4
Let p(l) = -5*l**3 + 2*l**2 - 6. Let a(c) = 6*c**3 - c**2 - c + 6. Suppose 0 = 2*h - h - 8. Let j be (h/(-6))/(3/9). Let y(o) = j*a(o) - 5*p(o). Determine y(5).
1
Let y(o) = -6*o. Let w be 2/6 + 16/(-12). What is y(w)?
6
Let f(u) = 2*u**2 + 3*u**2 + u**3 - 2*u**2 - 4*u + 0*u. Let l be f(-4). Let d(i) = l*i**2 + 0*i**2 - 3*i - i**2 + 2. Calculate d(-5).
-8
Let f(j) = -j**3 - 5*j**2 - 4. Let w = 0 - -1. Suppose 0 = -t + w - 6. Determine f(t).
-4
Let u(l) be the first derivative of l**4/4 + 2*l**3/3 - 5*l**2/2 + l + 3. Determine u(-4).
-11
Let n be -5 + (-34)/(-6) - (-22)/(-6). Let s(b) = b**2 + 4*b - 1. Calculate s(n).
-4
Let o(v) = -v**2 - 2*v + 3. Let b be o(-3). Let r(y) be the second derivative of -y**5/20 - y**3/6 - 3*y**2 - 4*y. Calculate r(b).
-6
Let o(a) = -a**2 - a + 3. Let i = -9 + 9. Let b be i + ((-4)/(-2) - 2). What is o(b)?
3
Let p(w) = -92*w + 189*w - 99*w - w**2. What is p(-1)?
1
Let v(l) = -l**3 - 2*l**2 - 3*l - 1. Suppose -49 = -4*a - b + 2*b, -a - 2*b = -10. Let o be (-50)/(-4)*a/15. Suppose 0*i - 5*i = o. Determine v(i).
5
Let i(w) = 15*w**2 - 1. Let k(a) = -a + 2. Suppose 4*d - 15 + 3 = 0. Let z be k(d). Determine i(z).
14
Let k(l) be the third derivative of 1/24*l**4 - 1/2*l**3 + l**2 + 0 + 0*l. Determine k(-4).
-7
Let f = 15 + -9. Let y(w) = w**2 - 8*w - 2. Determine y(f).
-14
Suppose -g - 8 = -l - 3*g, 10 = 2*g. Let a(i) = 3*i - 2. Determine a(l).
-8
Let c(a) = 22*a + 15*a - 35*a + 6. What is c(-4)?
-2
Let u(z) = -3*z + 50. Let h be u(14). Let x(p) = p**3 - 7*p**2 - 8*p - 6. Determine x(h).
-6
Let g(k) = k - 3. Let q = 10 + -5. What is g(q)?
2
Let l be 5 + ((-2)/1)/1. Let x(y) = 2*y**2 - 4*y - 8. Let a(w) = 3*w**2 + 3*w**2 - 3*w**2 - 7*w - 12 + w. Let g(v) = 5*a(v) - 7*x(v). Calculate g(l).
-1
Let s(w) = 2*w**2 - w + 1. Let d(z) = 1 + 3*z - 2*z - z**2 - 2. Let t(p) = -d(p) - s(p). Determine t(-2).
-4
Let u(x) = x - 15. Let z be u(12). Let t(b) = -3*b - 4 - 3 + 4. Determine t(z).
6
Let f(h) = -h + 2. Let j be f(0). Let i(l) = 0*l**3 - l**3 + l - 3*l**j + 5*l**2 + 0*l**3. Suppose -3*c = 2*c - 10. Give i(c).
2
Let q(m) be the second derivative of m**5/40 + m**4/6 + m**3/3 + m. Let g(l) be the second derivative of q(l). Calculate g(-4).
-8
Let t(j) = j**3 + j**2 - 4*j - 3. Let c be -2 + (-1 - -3) - -1. Suppose -2*g - c - 3 = 0. Give t(g).
1
Suppose 4*l = 143 + 33. Let y(k) = -l*k**2 + k + 4 + 44*k**2 + k**3. What is y(0)?
4
Let c(a) = -5*a + 18. Let g be c(4). Let u(j) = -j**2 + 3*j + 3. What is u(g)?
-7
Let g(w) = -3*w**2 - 9*w - 5. Let c(m) = m**2 + 4*m + 3. Let s(q) = 5*c(q) + 2*g(q). Suppose 5*x = -d + 29, -3*x = -10 - 5. What is s(d)?
-3
Let j(d) = d + 6. Let n be j(-5). Let w be 3 + (0/n - 3). Let z(b) = b**2 + 12. Give z(w).
12
Suppose -12 = -158*q + 164*q. Let f(k) be the third derivative of k**5/60 + k**4/24 + k**2. Calculate f(q).
2
Suppose 3*x + 6 = -3*j, j + 5 = -0*j. Let y(g) = 3 - 4 - 5*g - 2*g**2 - g**x + 3*g - 3*g**2. Give y(-5).
9
Let z(h) = 2*h + 4. Let b(q) = 10*q**3 + q**2 - q - 1. Let y be b(-1). Let j = y + 6. What is z(j)?
-2
Let s(l) = -7*l**2 + 5*l + 12. Let z(j) = 10*j**2 - 7*j - 18. Let o(w) = 7*s(w) + 5*z(w). Let r be o(0). Let t(p) = p**3 + 7*p**2 + 4*p - 3. Determine t(r).
9
Let s(r) be the third derivative of -r**9/8640 - r**5/20 + r**2. Let o(i) be the third derivative of s(i). What is o(1)?
-7
Let y(c) be the third derivative of -c**4/6 - 5*c**3/6 - 2*c**2. Let b(n) = n**2 + 2*n - 4. Let l be b(-4). Let p be (l/(-3))/(2/6). What is y(p)?
11
Let a(x) = -4 - 4 - 4*x + 2 + 3*x. Give a(-9).
3
Let o(v) = v**3 - 4*v**2 - 2*v + 1. Let d = -50 + 55. Determine o(d).
16
Let b(o) = -o**2 - 3*o + 1. Suppose -2 = 4*j + 14. Determine b(j).
-3
Let t(k) = -k**2 - 7*k - 1. Let u be 50/1*(-3)/(-6). Suppose u + 113 = 3*x. Suppose -x + 16 = 5*r. Calculate t(r).
5
Let w(r) be the first derivative of 5*r**3/3 + r**2/2 - r - 2. Let k = 0 - -1. What is w(k)?
5
Let m(s) = -s**2 + 0*s**2 - 1 - 6*s + 4 + 0*s. Determine m(-6).
3
Suppose 4*u - 40 = -u + 3*q, 45 = 4*u - 5*q. Suppose -3*k + u = r - 14, -k = 3*r - 17. Let h(y) = -y**2 + 5*y + 1. What is h(r)?
5
Suppose -4*u - 19 = 1. Let p(t) = t**3 + 6*t**2 + 5*t - 5. Determine p(u).
-5
Let b(q) = 12 + 3*q**2 - q**3 - 4 - 6 - 3. Calculate b(3).
-1
Let o(p) = 8 - 6*p**2 + 36*p + 3*p**2 - 47*p. Let t(h) = -8*h**2 - 32*h + 23. Let k = 6 - 10. Let f(v) = k*t(v) + 11*o(v). Determine f(6).
2
Let o(x) = x**2 - 7*x + 8. Let p be o(6). Let h(s) = -8*s - 1 - s**3 - 4*s**p + 5*s - s**3. Determine h(-2).
5
Let w = -10 - -9. Let y(d) = -8*d. What is y(w)?
8
Suppose u - 22 = -18. Let c(t) = t**3 - 3*t**2 - 4*t + 1. Determine c(u).
1
Suppose -17 - 7 = -4*u - 4*t, -3*t + 22 = 4*u. Suppose -p + 0 = -u. Let v(n) = 2*n + 0 + 2 - p. What is v(5)?
8
Let b(m) = -3*m + 93*m**2 - 92*m**2 + 10*m. What is b(-6)?
-6
Let o(m) = -3*m**2 - 1. Let r be 1 + -3 - (1 - 0). Let t be 2*(2 + -3) - r. Let k be o(t). Let q(h) = -h - 4. Determine q(k).
0
Suppose 0*v = v - 2. Suppose -2*g = -3*g - v. Let f(b) = -b**3 - 2*b**2 - b + 2. Determine f(g).
4
Let q(h) = -h**2 + h + 4. Suppose 7*b - 12 = 4*b + 4*d, 5*b - 2*d - 6 = 0. Suppose 3*k + 9 = -b*k. Calculate q(k).
-8
Let y(j) = -12*j + 3. Let f(u) = 6*u - 1. Let i(m) = -5*f(m) - 2*y(m). Suppose 1 = -l - 0. Determine i(l).
5
Let w be (-1)/(1 + -2) + 1. Let o be (2/(-4))/(w/8). Let t(a) = -a**2 - 6*a - a - 7*a - 1 + 10*a. Calculate t(o).
3
Let t(m) = -m**2 + 4*m - 6. Suppose -4*g + 2 + 2 = 0. Let w(z) = 4*z. Let i be w(g). What is t(i)?
-6
Let a(u) = 7 + 2 + 19*u - 7 - 3. Calculate a(1).
18
Let a = -11 + 7. Let z(b) be the third derivative of -b**4/12 - 5*b**3/6 + 11*b**2. Calculate z(a).
3
Suppose -3*l - k + 15 = -4*k, -15 = -5*l + 3*k. Let d(t) be the third derivative of t**6/120 + t**5/60 - t**4/24 + 5*t**3/6 + 32*t**2. What is d(l)?
5
Let z(j) be the second derivative of -2*j - 2*j**2 - 1/2*j**4 + 0 + 1/20*j**5 + 7/6*j**3. Determine z(4).
-8
Let b(q) = 6*q**3 + q**2 - 2*q + 1. Let y(f) = f**3 + 14*f**2 - 16*f - 14. Let x be y(-15). Give b(x).
6
Let s(q) = -2 + q + q**2 + 0*q - q**3 + 4*q**2. Determine s(3).
19
Let j be 3/(-2)*32/(-6). Let y(b) = b**3 - 7*b**2 - 8*b + 3. Let a be y(j). Let t be (4/a)/((-3)/(-9)). Let n(x) = -x**3 + 3*x**2 + 2*x + 4. Determine n(t).
-4
Suppose -b - 12 = -5*b, 2*m + 3*b = 17. Let h(n) = 0 - 5 + 2 - m*n - n**2. Let x(t) = t**3 + 3*t**2 + 2*t + 3. Let l be x(-3). Calculate h(l).
0
Let m(l) = l**3 - 5*l**2 + 2*l - 5. Let t(r) = -3*r - 1. Suppose -5*v - 6 = -j, -3*v - j = 2*j. Let h be t(v). Suppose -h*o = o - 15. Calculate m(o).
5
Suppose -5*q + 26 + 39 = 0. Suppose -z = -4*a + 11, z + q = 6*z - 3*a. Let u(c) be the second derivative of c**4/12 - c**3/2 - 7*c**2/2 - c. Determine u(z).
3
Let q(m) be the third derivative of m**9/60480 - m**8/3360 + m**7/2520 - m**6/144 - m**5/20 - 3*m**2. Let y(j) be the third derivative of q(j). Give y(6).
7
Let z be 4/(-18) - 94/(-18). Suppose 5 + 2 = 4*a - w, -z*a - w + 20 = 0. Let s(p) = -4 + p**3 + a*p**2 + 0*p**3 + 2 + p. Determine s(-2).
0
Let g(a) = -3 - 4 + a**2 + 1 - 4*a. What is g(6)?
6
Let c be ((-140)/84)/(10/(-6)). Let z = -1 + 0. Let j(f) = -14*f - 1. Let t(q) = -q. Let i(a) = z*j(a) + 3*t(a). Determine i(c).
12
Let h(b) = 5*b + 1. Let l be h(3). Let i be (l/(-14) + 2)*7. Let w(u) be the second derivative of u**3/3 - 4*u**2 - 3*u. What is w(i)?
4
Let d(b) be the second derivative of -b**5/20 + b**4/6 + b**3/2 - b**2/2 - b. Let a(o) = o**2 + 5*o - 3. Let x be a(-6). Determine d(x).
-1
Let c = -11 + 8. Let t be 5 - (c + -3 + 6). Let d(v) = v - 6. Give d(t).
-1
Let h(z) be the first derivative of -z**2 + 6*z - 5. Suppose 5*m = -n + 30, 2*m + 6 + 5 = -5*n. What is h(m)?
-8
Let g = 15 - 6. Let i = g + -15. Let a be ((-2)/3)/((-2)/i). Let z(c) = 2*c**2 + 4*c + 2. Give z(a).
2
Let z = -100 - -601/6. Let h(v) be the second derivative of -v + v**2 + 0 - z*v**3. Calculate h(-4).
6
Let l(v) = 1 + 2*v + 4*v